{"id":62,"date":"2016-12-21T16:42:00","date_gmt":"2016-12-21T16:42:00","guid":{"rendered":"http:\/\/asviagens.com\/index.php\/botas-forma-adventure-low\/"},"modified":"2017-01-25T12:01:35","modified_gmt":"2017-01-25T12:01:35","slug":"botas-forma-adventure-low","status":"publish","type":"page","link":"https:\/\/asviagens.com\/blog\/botas-forma-adventure-low\/","title":{"rendered":"Review Botas Forma Adventure Low"},"content":{"rendered":"<p>Precisava de umas botas que me dessem protec\u00e7\u00e3o, n\u00e3o fossem demasiado pesadas e fossem \u00e0 prova de \u00e1gua.<br \/>\nEscolhi estas Forma Adventure Low tamb\u00e9m pelo seu look de aventura, s\u00e3o leves, confort\u00e1veis e por serem mais baixas que as outras permitem um andar praticamente normal.<\/p>\n<div class=\"separator\" style=\"clear: both; text-align: center;\">\n<\/div>\n<div class=\"separator\" style=\"clear: both; text-align: center;\">\n<a href=\"https:\/\/1.bp.blogspot.com\/-rgtLR7rFnHg\/V_VuqBIxtmI\/AAAAAAAAJOg\/eCYn0SWZL0UyIpyCOT8tYrejdWn7ok2MQCLcB\/s1600\/forma_boots_forma_adventure_low_brown_zoom.jpg\" imageanchor=\"1\" style=\"margin-left: 1em; margin-right: 1em; text-align: center;\" rel=\"lightbox[62]\"><img loading=\"lazy\" decoding=\"async\" border=\"0\" height=\"211\" src=\"http:\/\/asviagens.com\/wp-content\/uploads\/2016\/12\/forma_boots_forma_adventure_low_brown_zoom.jpg\" width=\"320\" \/><\/a><\/div>\n<p>&nbsp;J\u00e1 ando com elas h\u00e1 j\u00e1 algum tempo e estou super contente, confort\u00e1veis, em viagem esque\u00e7o-me que estou com elas, j\u00e1 as lavei por v\u00e1rias vezes quando vou lavar a mota com \u00e1gua \u00e0 press\u00e3o e nem gota l\u00e1 dentro.<\/p>\n<div class=\"separator\" style=\"clear: both; text-align: center;\">\n<a href=\"https:\/\/2.bp.blogspot.com\/-fue887nRll4\/V_VuiibJztI\/AAAAAAAAJOc\/cLHPt5Rmbb8KkLSygEepAFiWRQEMyG2twCLcB\/s1600\/ADV_SOLE_BROWN_42defbff-392d-46f8-b761-657d513d17b5_grande.jpg\" imageanchor=\"1\" style=\"margin-left: 1em; margin-right: 1em;\" rel=\"lightbox[62]\"><img loading=\"lazy\" decoding=\"async\" border=\"0\" height=\"320\" src=\"http:\/\/asviagens.com\/wp-content\/uploads\/2016\/12\/ADV_SOLE_BROWN_42defbff-392d-46f8-b761-657d513d17b5_grande.jpg\" width=\"320\" \/><\/a><\/div>\n<p>Ajudam a malta de pernas mais curtas (tipo eu) a crescer ligeiramente. Dei j\u00e1 uma valente patada no ch\u00e3o em offroad que tenho a certeza que se n\u00e3o as tivesse tinha partido o p\u00e9, tem muitas protec\u00e7\u00f5es nas zonas vitais e n\u00e3o deixam &#8220;tor\u00e7er&#8221; o p\u00e9.<\/p>\n<div class=\"separator\" style=\"clear: both; text-align: center;\">\n<a href=\"https:\/\/4.bp.blogspot.com\/-UNeSeYazLxk\/V_VuiuOXEdI\/AAAAAAAAJOU\/4ZnReqME5wQItJVnczpHQqXJQrdZrlP_wCLcB\/s1600\/1Reinforced_Tpu_SQUARE_WH_722da8aa-9c18-448f-a090-a8fffc1751a6_grande.jpg\" imageanchor=\"1\" style=\"margin-left: 1em; margin-right: 1em;\" rel=\"lightbox[62]\"><img loading=\"lazy\" decoding=\"async\" border=\"0\" height=\"320\" src=\"http:\/\/asviagens.com\/wp-content\/uploads\/2016\/12\/1Reinforced_Tpu_SQUARE_WH_722da8aa-9c18-448f-a090-a8fffc1751a6_grande.jpg\" width=\"320\" \/><\/a><\/div>\n<p>Ao serem mais baixas consigo inclinar o p\u00e9 para tr\u00e1s e deixar entrar o vento para refrescar naquelas alturas mais quentes, mas posso j\u00e1 dizer que andei com elas no alentejo dias inteiros e fiquei bastante surpreendido pela respirabilidade.<\/p>\n<p>Conclus\u00e3o: Comprava-as novamente pela seguran\u00e7a, conforto e look, adoro-as<\/p>\n<p>Se quiserem v\u00ea-lo ao vivo basta darem um salto \u00e0 loja da Rodaventura em Alfragide&nbsp;<a href=\"http:\/\/www.rodaventura.pt\/\" style=\"background-color: white; color: #838383; font-family: Verdana, Geneva, sans-serif; font-size: 13.2px; text-decoration: none;\">www.rodaventura.pt<\/a><br \/>\n<br \/>\nSe gostaram do review e quiserem receber mais novidades fa\u00e7am like no <a href=\"https:\/\/www.facebook.com\/asviagenscom\/\" target=\"_blank\">facebook&nbsp;<\/a><br \/>\n<br \/>\n<iframe loading=\"lazy\" allowtransparency=\"true\" frameborder=\"0\" height=\"80\" scrolling=\"no\" src=\"https:\/\/www.facebook.com\/plugins\/like.php?href=https%3A%2F%2Fwww.facebook.com%2Fasviagenscom%2F&amp;width=640&amp;layout=standard&amp;action=like&amp;size=large&amp;show_faces=true&amp;share=true&amp;height=80&amp;appId\" style=\"border: none; overflow: hidden;\" width=\"640\"><\/iframe><\/p>\n","protected":false},"excerpt":{"rendered":"<p>Precisava de umas botas que me dessem protec\u00e7\u00e3o, n\u00e3o fossem demasiado pesadas e fossem \u00e0 prova de \u00e1gua. Escolhi estas Forma Adventure Low tamb\u00e9m pelo seu look de aventura, s\u00e3o&#8230;<\/p>\n","protected":false},"author":3,"featured_media":79,"parent":0,"menu_order":0,"comment_status":"open","ping_status":"closed","template":"","meta":{"jetpack_post_was_ever_published":false,"footnotes":""},"categories":[61],"tags":[],"class_list":["post-62","page","type-page","status-publish","has-post-thumbnail","hentry","category-reviews"],"jetpack_sharing_enabled":true,"jetpack_shortlink":"https:\/\/wp.me\/PbviYY-10","jetpack-related-posts":[],"_links":{"self":[{"href":"https:\/\/asviagens.com\/blog\/wp-json\/wp\/v2\/pages\/62","targetHints":{"allow":["GET"]}}],"collection":[{"href":"https:\/\/asviagens.com\/blog\/wp-json\/wp\/v2\/pages"}],"about":[{"href":"https:\/\/asviagens.com\/blog\/wp-json\/wp\/v2\/types\/page"}],"author":[{"embeddable":true,"href":"https:\/\/asviagens.com\/blog\/wp-json\/wp\/v2\/users\/3"}],"replies":[{"embeddable":true,"href":"https:\/\/asviagens.com\/blog\/wp-json\/wp\/v2\/comments?post=62"}],"version-history":[{"count":1,"href":"https:\/\/asviagens.com\/blog\/wp-json\/wp\/v2\/pages\/62\/revisions"}],"predecessor-version":[{"id":82,"href":"https:\/\/asviagens.com\/blog\/wp-json\/wp\/v2\/pages\/62\/revisions\/82"}],"wp:featuredmedia":[{"embeddable":true,"href":"https:\/\/asviagens.com\/blog\/wp-json\/wp\/v2\/media\/79"}],"wp:attachment":[{"href":"https:\/\/asviagens.com\/blog\/wp-json\/wp\/v2\/media?parent=62"}],"wp:term":[{"taxonomy":"category","embeddable":true,"href":"https:\/\/asviagens.com\/blog\/wp-json\/wp\/v2\/categories?post=62"},{"taxonomy":"post_tag","embeddable":true,"href":"https:\/\/asviagens.com\/blog\/wp-json\/wp\/v2\/tags?post=62"}],"curies":[{"name":"wp","href":"https:\/\/api.w.org\/{rel}","templated":true}]}}