{"id":63,"date":"2016-12-21T16:42:00","date_gmt":"2016-12-21T16:42:00","guid":{"rendered":"http:\/\/asviagens.com\/index.php\/tankbag-givi-xs319\/"},"modified":"2017-01-25T12:01:35","modified_gmt":"2017-01-25T12:01:35","slug":"tankbag-givi-xs319","status":"publish","type":"page","link":"https:\/\/asviagens.com\/blog\/tankbag-givi-xs319\/","title":{"rendered":"Review Tankbag Givi XS319"},"content":{"rendered":"<p>Precisava de uma malinha pequena r\u00e1pida de tirar e p\u00f4r na mota e \u00e0 m\u00e3o para ter m\u00e1quina fotogr\u00e1fica, gopro e carteira, n\u00e3o queria nenhum trambolho com 15 litros.<\/p>\n<div class=\"separator\" style=\"clear: both; text-align: center;\">\n<\/div>\n<p><\/p>\n<div class=\"separator\" style=\"clear: both; text-align: center;\">\n<a href=\"https:\/\/3.bp.blogspot.com\/--KwZYY8c52c\/V_V0nRrFVJI\/AAAAAAAAJPE\/eIqlpy1vdzY6_w_7cTvEDlOwtPLXtaLkQCLcB\/s1600\/XS319-GIVI-Mini-Tank-Bag-3L-XSTREAM-Tanklock-1000x1000.jpg\" imageanchor=\"1\" style=\"margin-left: 1em; margin-right: 1em;\" rel=\"lightbox[63]\"><img loading=\"lazy\" decoding=\"async\" border=\"0\" height=\"245\" src=\"http:\/\/asviagens.com\/wp-content\/uploads\/2016\/12\/XS319-GIVI-Mini-Tank-Bag-3L-XSTREAM-Tanklock-1000x1000.jpg\" width=\"320\" \/><\/a><\/div>\n<div class=\"separator\" style=\"clear: both; text-align: center;\">\n<\/div>\n<p>Encontrei a minha malinha, GIVI xs 319, com o sistema de encaixe r\u00e1pido e com capa para chuva acaba por ser tudo o que precisava.<\/p>\n<div class=\"separator\" style=\"clear: both; text-align: center;\">\n<a href=\"https:\/\/3.bp.blogspot.com\/-cE3bsq9Fv-0\/V_V0b-0CI2I\/AAAAAAAAJPA\/RUGRL5kDIygnag4UDKYK-754wb2V3mxdgCEw\/s1600\/xs319-1.jpg\" imageanchor=\"1\" style=\"margin-left: 1em; margin-right: 1em;\" rel=\"lightbox[63]\"><img loading=\"lazy\" decoding=\"async\" border=\"0\" height=\"281\" src=\"http:\/\/asviagens.com\/wp-content\/uploads\/2016\/12\/xs319-1.jpg\" width=\"320\" \/><\/a><\/div>\n<p>\nTem apenas 3 litros mas chega e sobra para tudo o que preciso de l\u00e1 p\u00f4r, fica bastante fixa apesar de ser de encaixe r\u00e1pido, j\u00e1 fiz bastante offroad com ela e nunca sequer amea\u00e7ou cair.<br \/>\nPode tamb\u00e9m ser usada por exemplo para ter coisas \u00e0 carga em andamento, ligando na tomada de isqueiro e passando o cabo para dentro dela.<\/p>\n<div class=\"separator\" style=\"clear: both; text-align: center;\">\n<a href=\"https:\/\/2.bp.blogspot.com\/-hlzvnYnXaKo\/V_V0bhw2BaI\/AAAAAAAAJO4\/B50Bl8MtYW8H5d2-esF7UoeWpx3I_tzBACEw\/s1600\/XS319_wear.jpg\" imageanchor=\"1\" style=\"margin-left: 1em; margin-right: 1em;\" rel=\"lightbox[63]\"><img loading=\"lazy\" decoding=\"async\" border=\"0\" height=\"320\" src=\"http:\/\/asviagens.com\/wp-content\/uploads\/2016\/12\/XS319_wear.jpg\" width=\"320\" \/><\/a><\/div>\n<p>\nConclus\u00e3o: Perfeita para quem quer ter a eletr\u00f3nica \u00e0 m\u00e3o e poder tirar de uma s\u00f3 vez tudo de valor da mota para ir ao caf\u00e9 ou \u00e0s compras.<\/p>\n<p>Se quiserem v\u00ea-lo ao vivo basta darem um salto \u00e0 loja da Rodaventura em Alfragide&nbsp;<a href=\"http:\/\/www.rodaventura.pt\/\" style=\"background-color: white; color: #838383; font-family: Verdana, Geneva, sans-serif; font-size: 13.2px; text-decoration: none;\">www.rodaventura.pt<\/a><\/p>\n<p>Se gostaram do review e quiserem receber mais novidades fa\u00e7am like no <a href=\"https:\/\/www.facebook.com\/asviagenscom\/\" target=\"_blank\">facebook&nbsp;<\/a><br \/>\n<br \/>\n<iframe loading=\"lazy\" allowtransparency=\"true\" frameborder=\"0\" height=\"80\" scrolling=\"no\" src=\"https:\/\/www.facebook.com\/plugins\/like.php?href=https%3A%2F%2Fwww.facebook.com%2Fasviagenscom%2F&amp;width=640&amp;layout=standard&amp;action=like&amp;size=large&amp;show_faces=true&amp;share=true&amp;height=80&amp;appId\" style=\"border: none; overflow: hidden;\" width=\"640\"><\/iframe><\/p>\n","protected":false},"excerpt":{"rendered":"<p>Precisava de uma malinha pequena r\u00e1pida de tirar e p\u00f4r na mota e \u00e0 m\u00e3o para ter m\u00e1quina fotogr\u00e1fica, gopro e carteira, n\u00e3o queria nenhum trambolho com 15 litros. Encontrei&#8230;<\/p>\n","protected":false},"author":3,"featured_media":75,"parent":0,"menu_order":0,"comment_status":"open","ping_status":"closed","template":"","meta":{"jetpack_post_was_ever_published":false,"footnotes":""},"categories":[61],"tags":[],"class_list":["post-63","page","type-page","status-publish","has-post-thumbnail","hentry","category-reviews"],"jetpack_sharing_enabled":true,"jetpack_shortlink":"https:\/\/wp.me\/PbviYY-11","jetpack-related-posts":[],"_links":{"self":[{"href":"https:\/\/asviagens.com\/blog\/wp-json\/wp\/v2\/pages\/63","targetHints":{"allow":["GET"]}}],"collection":[{"href":"https:\/\/asviagens.com\/blog\/wp-json\/wp\/v2\/pages"}],"about":[{"href":"https:\/\/asviagens.com\/blog\/wp-json\/wp\/v2\/types\/page"}],"author":[{"embeddable":true,"href":"https:\/\/asviagens.com\/blog\/wp-json\/wp\/v2\/users\/3"}],"replies":[{"embeddable":true,"href":"https:\/\/asviagens.com\/blog\/wp-json\/wp\/v2\/comments?post=63"}],"version-history":[{"count":1,"href":"https:\/\/asviagens.com\/blog\/wp-json\/wp\/v2\/pages\/63\/revisions"}],"predecessor-version":[{"id":78,"href":"https:\/\/asviagens.com\/blog\/wp-json\/wp\/v2\/pages\/63\/revisions\/78"}],"wp:featuredmedia":[{"embeddable":true,"href":"https:\/\/asviagens.com\/blog\/wp-json\/wp\/v2\/media\/75"}],"wp:attachment":[{"href":"https:\/\/asviagens.com\/blog\/wp-json\/wp\/v2\/media?parent=63"}],"wp:term":[{"taxonomy":"category","embeddable":true,"href":"https:\/\/asviagens.com\/blog\/wp-json\/wp\/v2\/categories?post=63"},{"taxonomy":"post_tag","embeddable":true,"href":"https:\/\/asviagens.com\/blog\/wp-json\/wp\/v2\/tags?post=63"}],"curies":[{"name":"wp","href":"https:\/\/api.w.org\/{rel}","templated":true}]}}