{"id":65,"date":"2016-12-21T16:42:00","date_gmt":"2016-12-21T16:42:00","guid":{"rendered":"http:\/\/asviagens.com\/index.php\/colchao\/"},"modified":"2017-09-23T00:06:54","modified_gmt":"2017-09-22T23:06:54","slug":"colchao","status":"publish","type":"page","link":"https:\/\/asviagens.com\/blog\/colchao\/","title":{"rendered":"Review Colch\u00e3o Forclaz Air"},"content":{"rendered":"<p><iframe loading=\"lazy\" src=\"https:\/\/www.youtube.com\/embed\/r9aEaxrFPJk\" width=\"640\" height=\"360\" frameborder=\"0\" allowfullscreen=\"allowfullscreen\"><\/iframe><\/p>\n<p>Os meus velhinhos colch\u00f5es auto-insufl\u00e1veis estavam j\u00e1 um pouco desactualizados no que toca ao conforto e volume, fui ent\u00e3o \u00e0 procura de algo mais confort\u00e1vel e mais leve.<\/p>\n<div class=\"separator\" style=\"clear: both; text-align: center;\"><a style=\"margin-left: 1em; margin-right: 1em;\" href=\"https:\/\/2.bp.blogspot.com\/-8P9hJkdBipw\/V_VlyDaB0QI\/AAAAAAAAJMs\/ijURbAj-dhY31ZvysMltMeQt5TQ57unYQCLcB\/s1600\/big_2f9a41f22d824c99b90d48a3ee4842c9.jpg\" rel=\"lightbox[65]\"><img loading=\"lazy\" decoding=\"async\" src=\"http:\/\/asviagens.com\/wp-content\/uploads\/2016\/12\/big_2f9a41f22d824c99b90d48a3ee4842c9.jpg\" width=\"320\" height=\"320\" border=\"0\" \/><\/a><\/div>\n<div class=\"separator\" style=\"clear: both; text-align: left;\">Encontrei este Decathlon Forclaz Air, impressionantemente pequeno, praticamente uma lata de refrigerante, 550 gramas e 5 cm de espessura, o meu antigo tinha 2,5cm espessura e ocupava o triplo.<\/div>\n<div class=\"separator\" style=\"clear: both; text-align: left;\"><\/div>\n<div class=\"separator\" style=\"clear: both; text-align: left;\">Fiquei um pouco com medo que custasse muito a encher visto que n\u00e3o tinha a tal espuma que ajuda os colch\u00f5es auto-insufl\u00e1veis a &#8220;crescer&#8221; sozinhos, fiz ent\u00e3o um teste mesmo numa loja, peguei no de exposi\u00e7\u00e3o, vazei-o e vi quanto tempo demorava a encher, fiquei surpreendido, 7-8 pulm\u00f5es cheios e &#8220;voil\u00e1&#8221; colch\u00e3o cheio. Ui comprado, \u00e9 mesmo isto que preciso.<\/div>\n<div class=\"separator\" style=\"clear: both; text-align: center;\"><a style=\"margin-left: 1em; margin-right: 1em;\" href=\"https:\/\/3.bp.blogspot.com\/-VR3qM8RzGQw\/V_Vn1-4_LzI\/AAAAAAAAJM8\/heXmQk2qkrg04_OarbnJkTcQbGXENUFhQCLcB\/s1600\/forclaz-air-inflatable-hiking-mattress-red%2B%25281%2529.jpg\" rel=\"lightbox[65]\"><img loading=\"lazy\" decoding=\"async\" src=\"http:\/\/asviagens.com\/wp-content\/uploads\/2016\/12\/forclaz-air-inflatable-hiking-mattress-red28129.jpg\" width=\"320\" height=\"320\" border=\"0\" \/><\/a><\/div>\n<div class=\"separator\" style=\"clear: both; text-align: left;\"><\/div>\n<div class=\"separator\" style=\"clear: both; text-align: center;\"><\/div>\n<div class=\"separator\" style=\"clear: both; text-align: left;\">S\u00f3 faltava o teste mais importante, ser\u00e1 confort\u00e1vel? Sim, aprovad\u00edssimo, mais confort\u00e1vel que o auto -insufl\u00e1vel.<\/div>\n<div class=\"separator\" style=\"clear: both; text-align: left;\">\u00c1 primeira vista os 50cm parecem um pouco estreitos mas durmo sem problemas nele e mexo-me muito, estou sempre a alternar entre dormir de lado e barriga para cima.<\/div>\n<div class=\"separator\" style=\"clear: both; text-align: center;\"><a style=\"margin-left: 1em; margin-right: 1em;\" href=\"https:\/\/4.bp.blogspot.com\/-4VhDTUhiRiw\/V_Vn6yoqfbI\/AAAAAAAAJNA\/a2U5cUWr_joLZiiAItIWuaoEpxG1mk75gCLcB\/s1600\/forclaz-air-inflatable-hiking-mattress-red%2B%25282%2529.jpg\" rel=\"lightbox[65]\"><img loading=\"lazy\" decoding=\"async\" src=\"http:\/\/asviagens.com\/wp-content\/uploads\/2016\/12\/forclaz-air-inflatable-hiking-mattress-red28229.jpg\" width=\"320\" height=\"320\" border=\"0\" \/><\/a><\/div>\n<div class=\"separator\" style=\"clear: both; text-align: left;\"><\/div>\n<div class=\"separator\" style=\"clear: both; text-align: left;\">A juntar a isto tudo a garantia Decathlon que \u00e9 algo de brutal, basta a compra estar registada no cart\u00e3o e nao precisamos de tal\u00e3o para fazer uma troca em qualquer loja da Europa, j\u00e1 foi testado por mim, tive um problema no antigo colch\u00e3o a meio de uma viagem em Fran\u00e7a e fui a uma loja e trocaram-me o colch\u00e3o na hora.<\/div>\n<div class=\"separator\" style=\"clear: both; text-align: left;\">Fiz uma capa em len\u00e7ol tipo saco que enfio no colch\u00e3o para as noites mais quentes poder dormir com a pele em contacto com o colch\u00e3o sem ter que ficar &#8220;colado&#8221; nele.<\/div>\n<div class=\"separator\" style=\"clear: both; text-align: center;\"><a style=\"margin-left: 1em; margin-right: 1em;\" href=\"https:\/\/1.bp.blogspot.com\/-16sCImJcXaQ\/V_VoDfVyOmI\/AAAAAAAAJNE\/2OMPrY1ZTnc6sSYS8Xn_MgCP32ZuGuf6wCLcB\/s1600\/forclaz-air-inflatable-hiking-mattress-red%2B%25283%2529.jpg\" rel=\"lightbox[65]\"><img loading=\"lazy\" decoding=\"async\" src=\"http:\/\/asviagens.com\/wp-content\/uploads\/2016\/12\/forclaz-air-inflatable-hiking-mattress-red28329.jpg\" width=\"320\" height=\"231\" border=\"0\" \/><\/a><\/div>\n<div class=\"separator\" style=\"clear: both; text-align: left;\"><\/div>\n<div class=\"separator\" style=\"clear: both; text-align: left;\">Conclus\u00e3o: Cerca de 40eur para um upgrade brutal em volume e conforto. Vale bem mais que outras marcas internacionais devido ao servi\u00e7o p\u00f3s-venda excelente da Decathlon<\/div>\n<p>Para o conhecerem d\u00eaem uma saltada a uma Loja Decathlon ou a <a href=\"http:\/\/www.decathlon.pt\/\">www.decathlon.pt<\/a><\/p>\n<p>Se gostaram do review e quiserem receber mais novidades fa\u00e7am like no <a href=\"https:\/\/www.facebook.com\/asviagenscom\/\" target=\"_blank\" rel=\"noopener\">facebook\u00a0<\/a><\/p>\n<p><iframe loading=\"lazy\" style=\"border: none; overflow: hidden;\" src=\"https:\/\/www.facebook.com\/plugins\/like.php?href=https%3A%2F%2Fwww.facebook.com%2Fasviagenscom%2F&amp;width=640&amp;layout=standard&amp;action=like&amp;size=large&amp;show_faces=true&amp;share=true&amp;height=80&amp;appId\" width=\"640\" height=\"80\" frameborder=\"0\" scrolling=\"no\"><\/iframe><\/p>\n","protected":false},"excerpt":{"rendered":"<p>Os meus velhinhos colch\u00f5es auto-insufl\u00e1veis estavam j\u00e1 um pouco desactualizados no que toca ao conforto e volume, fui ent\u00e3o \u00e0 procura de algo mais confort\u00e1vel e mais leve. Encontrei este&#8230;<\/p>\n","protected":false},"author":3,"featured_media":88,"parent":0,"menu_order":0,"comment_status":"open","ping_status":"closed","template":"","meta":{"jetpack_post_was_ever_published":false,"footnotes":""},"categories":[61],"tags":[],"class_list":["post-65","page","type-page","status-publish","has-post-thumbnail","hentry","category-reviews"],"jetpack_sharing_enabled":true,"jetpack_shortlink":"https:\/\/wp.me\/PbviYY-13","jetpack-related-posts":[],"_links":{"self":[{"href":"https:\/\/asviagens.com\/blog\/wp-json\/wp\/v2\/pages\/65","targetHints":{"allow":["GET"]}}],"collection":[{"href":"https:\/\/asviagens.com\/blog\/wp-json\/wp\/v2\/pages"}],"about":[{"href":"https:\/\/asviagens.com\/blog\/wp-json\/wp\/v2\/types\/page"}],"author":[{"embeddable":true,"href":"https:\/\/asviagens.com\/blog\/wp-json\/wp\/v2\/users\/3"}],"replies":[{"embeddable":true,"href":"https:\/\/asviagens.com\/blog\/wp-json\/wp\/v2\/comments?post=65"}],"version-history":[{"count":8,"href":"https:\/\/asviagens.com\/blog\/wp-json\/wp\/v2\/pages\/65\/revisions"}],"predecessor-version":[{"id":3964,"href":"https:\/\/asviagens.com\/blog\/wp-json\/wp\/v2\/pages\/65\/revisions\/3964"}],"wp:featuredmedia":[{"embeddable":true,"href":"https:\/\/asviagens.com\/blog\/wp-json\/wp\/v2\/media\/88"}],"wp:attachment":[{"href":"https:\/\/asviagens.com\/blog\/wp-json\/wp\/v2\/media?parent=65"}],"wp:term":[{"taxonomy":"category","embeddable":true,"href":"https:\/\/asviagens.com\/blog\/wp-json\/wp\/v2\/categories?post=65"},{"taxonomy":"post_tag","embeddable":true,"href":"https:\/\/asviagens.com\/blog\/wp-json\/wp\/v2\/tags?post=65"}],"curies":[{"name":"wp","href":"https:\/\/api.w.org\/{rel}","templated":true}]}}